prime?
False
Is 2960016511 composite?
False
Is 3565284001 prime?
False
Is 1565650537 a prime number?
False
Is 106356373 composite?
False
Is 64095086009 a composite number?
True
Is 1033721833 composite?
False
Is 6331867778 a composite number?
True
Is 155775889133 composite?
True
Is 318497353 prime?
False
Is 944468521 prime?
False
Is 1604502869 a prime number?
False
Is 898451171 a prime number?
True
Is 87599223247 composite?
False
Is 11123367413 a prime number?
False
Is 297322883909 a composite number?
False
Is 316480487 prime?
True
Is 63008219 a composite number?
False
Is 13424331883 prime?
True
Is 465571483477 prime?
False
Is 28800119773 composite?
True
Is 651605566 a composite number?
True
Is 13929313597 a composite number?
False
Is 3839507027 prime?
False
Is 7809923881 composite?
False
Is 26742778669 composite?
True
Is 422893403 a composite number?
False
Is 59920032413 a prime number?
False
Is 148048073 a prime number?
False
Is 11160548485 a prime number?
False
Is 4625279843 prime?
False
Is 184890221461 composite?
True
Is 757412021 a composite number?
False
Is 2293023926 prime?
False
Is 1452591619 composite?
False
Is 73071993118 a composite number?
True
Is 4681691281 a prime number?
False
Is 1292756617 a prime number?
True
Is 398171509 a composite number?
False
Is 31170903869 prime?
False
Is 1517946511 a composite number?
False
Is 11874053159 a prime number?
True
Is 3238936303 prime?
False
Is 47957162387 composite?
False
Is 15610967 composite?
True
Is 32208056065 prime?
False
Is 1603450879 composite?
False
Is 292613257 prime?
False
Is 8067974399 a composite number?
False
Is 921481105 composite?
True
Is 7033383295 prime?
False
Is 2619672313 prime?
False
Is 1488043483 composite?
False
Is 392174683 a prime number?
False
Is 190351157 composite?
True
Is 4419675418 a prime number?
False
Is 2772224353 a composite number?
False
Is 75221409499 prime?
False
Is 37482452359 a prime number?
False
Is 8726106671 prime?
True
Is 1078927697 a prime number?
True
Is 1695669323 composite?
False
Is 3140651779 a prime number?
False
Is 2466803159 composite?
False
Is 167268313 a prime number?
True
Is 4796272799 prime?
False
Is 1062337957 prime?
False
Is 97428919913 composite?
True
Is 203215917887 composite?
True
Is 12546485351 prime?
True
Is 22908358259 prime?
False
Is 44482354831 prime?
False
Is 19851548911 a composite number?
False
Is 315627047 a composite number?
False
Is 2124340649 prime?
True
Is 19898509537 prime?
False
Is 3278773523 a prime number?
True
Is 4220732563 a prime number?
True
Is 34676603839 composite?
False
Is 660661279 composite?
True
Is 6279508633 a prime number?
True
Is 630315277 composite?
True
Is 708982523 prime?
True
Is 1667403919 prime?
False
Is 131746847 a prime number?
True
Is 8406403585 a composite number?
True
Is 9622544839 a prime number?
False
Is 173450401 a composite number?
True
Is 63750857 a composite number?
True
Is 45394891 a composite number?
False
Is 22290543721 composite?
True
Is 3154010809 a prime number?
True
Is 77593153559 a composite number?
False
Is 188381065711 prime?
True
Is 7910523001 a prime number?
True
Is 1923458497 composite?
False
Is 4208823497 a prime number?
True
Is 7586126755 a composite number?
True
Is 30384461509 a prime number?
True
Is 1648676693 a prime number?
True
Is 8153320493 a composite number?
False
Is 211667889302 prime?
False
Is 8601102749 a prime number?
False
Is 22921471019 prime?
True
Is 47699948767 prime?
True
Is 3498283583 prime?
True
Is 124409630171 a prime number?
False
Is 803111887 prime?
False
Is 9782579003 prime?
True
Is 620143519 composite?
False
Is 669185441 a composite number?
True
Is 819041257 a prime number?
False
Is 10222586161 composite?
False
Is 16146843721 composite?
False
Is 13009613081 prime?
False
Is 87477679798 a prime number?
False
Is 1901828077 a prime number?
True
Is 8964939229 a prime number?
False
Is 307316029 prime?
False
Is 14988164578 a prime number?
False
Is 883054087 a composite number?
True
Is 124595188147 a composite number?
False
Is 11372002931 a composite number?
False
Is 33537694 composite?
True
Is 71471459623 composite?
True
Is 7436105581 prime?
False
Is 21845964391 prime?
False
Is 30399245509 a prime number?
False
Is 303023113 a composite number?
True
Is 116656063 composite?
False
Is 2593883251 composite?
False
Is 215656331 a prime number?
False
Is 51757962029 a composite number?
False
Is 35114242651 composite?
False
Is 1626290527 a composite number?
False
Is 1330584791 prime?
True
Is 5133826337 a composite number?
False
Is 2725231039 a prime number?
False
Is 100543303109 composite?
True
Is 191967367 composite?
True
Is 46808739287 a prime number?
True
Is 1270561709 composite?
True
Is 572015611 composite?
False
Is 39926643019 prime?
True
Is 186642327 a prime number?
False
Is 10218345959 composite?
True
Is 3261975086 a prime number?
False
Is 27041126717 a prime number?
False
Is 5735652293 composite?
True
Is 1894720029 composite?
True
Is 5886389599 composite?
False
Is 3344904461 a composite number?
True
Is 3552640471 a prime number?
False
Is 191291189 prime?
False
Is 16463590469 a prime number?
True
Is 4579446089 prime?
True
Is 1065708029 prime?
True
Is 63920057 a composite number?
False
Is 12075837101 prime?
False
Is 2272637182 prime?
False
Is 13371824591 composite?
False
Is 159755980721 a composite number?
False
Is 6899928253 a composite number?
True
Is 4337699731 a prime number?
False
Is 71766177283 a prime number?
True
Is 24624347483 prime?
False
Is 2589579743 prime?
False
Is 13344969667 a composite number?
False
Is 245753126 prime?
False
Is 799527353 prime?
False
Is 1502645231 a composite number?
True
Is 4140247807 composite?
True
Is 452760107 composite?
False
Is 64190963 a prime number?
False
Is 2761066741 prime?
False
Is 22152227501 composite?
True
Is 187756321 prime?
True
Is 1647021029 prime?
True
Is 53308007 a prime number?
False
Is 6915286291 a composite number?
False
Is 3850516907 prime?
True
Is 227103787 a composite number?
False
Is 11811500071 composite?
True
Is 1773114157 a prime number?
False
Is 806858771 a prime number?
True
Is 94460121543 composite?
True
Is 17379252239 a prime number?
True
Is 29882485691 a composite number?
False
Is 2495568163 prime?
False
Is 12571397023 composite?
True
Is 12900929039 prime?
True
Is 2659419707 a composite number?
True
Is 3629711867 prime?
False
Is 706318429 composite?
False
Is 39871335419 prime?
True
Is 7512855547 prime?
False
Is 201013265 composite?
True
Is 231722729 prime?
False
Is 3061188593 composite?
False
Is 693008059 a prime number?
True
Is 44822603877 composite?
True
Is 6131543861 prime?
False
Is 135539267 prime?
True
Is 1210939591 a composite number?
False
Is 36789304577 a prime number?
False
Is 4031587577 a composite number?
False
Is 118770317 prime?
False
Is 4815844721 prime?
True
Is 131081745913 a composite number?
True
Is 44518503895 prime?
False
Is 4332660539 a composite number?
False
Is 278664671 a composite number?
False
Is 754938083 a prime number?
True
Is 9200159251 composite?
True
Is 733121177 prime?
True
Is 4126817753 composite?
False
Is 3812528383 a composite number?
False
Is 1078039211 composite?
False
Is 1904195173 composite?
False
Is 5089514737 a prime number?
True
Is 33623721323 a composite number?
False
Is 6500653273 prime?
False
Is 7487082667 a composite number?
True
Is 47710886983 prime?
True
Is 1009678631 a prime number?
False
Is 125808377 composite?
True
Is 1414675459 a composite number?
False
Is 1304048303 prime?
True
Is 51663516907 a composite number?
True
Is 14312847039 composite?
True
Is 277782965 prime?
False
Is 203315993 composite?
False
Is 41913227 prime?
True
Is 3477904589 a composite number?
True
Is 17480359627 a composite number?
False
Is 454800257 a prime number?
True
Is 50924309 a prime number?
True
Is 2386953307 a composite number?
False
Is 628747039 a composite number?
True
Is 19073320333 a prime number?
False
Is 1267889201 composite?
False
Is 37141520201 a prime number?
True
Is 14741976157 prime?
False
Is 11900370203 composite?
True
Is 2467859057 a composite number?
False
Is 1355708353 a prime number?
True
Is 15259020899 prime?
True
Is 588022517 a composite number?
True
Is 191306198969 composite?
False
Is 4762653013 prime?
False
Is 462002921 prime?
True
Is 17336192